{"id":4,"date":"2020-11-21T18:50:25","date_gmt":"2020-11-21T18:50:25","guid":{"rendered":"http:\/\/tnb.campusheld.com\/?page_id=4"},"modified":"2022-06-08T12:42:37","modified_gmt":"2022-06-08T12:42:37","slug":"lp","status":"publish","type":"page","link":"https:\/\/tnb.vita-cola.de\/","title":{"rendered":"LP"},"content":{"rendered":"<p>[et_pb_section fb_built=&#8220;1&#8243; _builder_version=&#8220;4.6.5&#8243; _module_preset=&#8220;default&#8220; background_image=&#8220;https:\/\/tnb.vita-cola.de\/wp-content\/uploads\/2020\/11\/background-scaled.jpg&#8220; custom_padding=&#8220;11px|||||&#8220; background_last_edited=&#8220;on|phone&#8220; background_image_phone=&#8220;https:\/\/tnb.vita-cola.de\/wp-content\/uploads\/2020\/11\/background-scaled-3-scaled.jpg&#8220; background_enable_image_phone=&#8220;on&#8220; background_size_phone=&#8220;cover&#8220; title_text_phone=&#8220;background-scaled&#8220;][et_pb_row _builder_version=&#8220;4.6.5&#8243; _module_preset=&#8220;default&#8220; custom_padding=&#8220;2px|||||&#8220;][et_pb_column type=&#8220;4_4&#8243; _builder_version=&#8220;4.6.5&#8243; _module_preset=&#8220;default&#8220;][et_pb_image src=&#8220;https:\/\/tnb.vita-cola.de\/wp-content\/uploads\/2022\/01\/01_VC-Logo_Pantone-186C.png&#8220; title_text=&#8220;01_VC-Logo_Pantone 186C&#8220; _builder_version=&#8220;4.6.5&#8243; _module_preset=&#8220;default&#8220; width=&#8220;14%&#8220; width_tablet=&#8220;21%&#8220; width_phone=&#8220;42%&#8220; width_last_edited=&#8220;on|phone&#8220; module_alignment=&#8220;center&#8220;][\/et_pb_image][\/et_pb_column][\/et_pb_row][et_pb_row _builder_version=&#8220;4.6.5&#8243; _module_preset=&#8220;default&#8220;][et_pb_column type=&#8220;4_4&#8243; _builder_version=&#8220;4.6.5&#8243; _module_preset=&#8220;default&#8220;][et_pb_text _builder_version=&#8220;4.6.5&#8243; _module_preset=&#8220;default&#8220; text_font=&#8220;Lato||||||||&#8220; text_text_color=&#8220;#FFFFFF&#8220; text_font_size=&#8220;18px&#8220; header_font=&#8220;Lato||||||||&#8220; header_2_font=&#8220;Lato||||||||&#8220; header_3_font=&#8220;Lato||||||||&#8220;]<\/p>\n<p><strong>\u00a0Teilnahmebedingungen\u00a0<\/strong><\/p>\n<p>&nbsp;<\/p>\n<p>Mit der Teilnahme an der Verlosung hat der Teilnehmer die folgenden Teilnahmebedingungen zu akzeptieren:<\/p>\n<p>&nbsp;<\/p>\n<p><strong>I. Veranstalter<\/strong><\/p>\n<p>&nbsp;<\/p>\n<p><span style=\"font-size: 18px;\">Die Lichtenauer Mineralquellen GmbH, Brunnenstra\u00dfe 11, 09244 Lichtenau, Tel. 037206650, vertreten durch Thomas He\u00df &amp; Paul K. Korn, Amtsgericht Chemnitz, HRB 2109, USt-IdNr. DE140916401 (im Folgenden \u201eVeranstalter\u201c genannt), veranstaltet in der Zeit vom 08.06.2022 bis zum 13.06.2022 ein Gewinnspiel.<\/span><\/p>\n<p>&nbsp;<\/p>\n<p>&nbsp;<\/p>\n<p>\u00a0<strong>II. <\/strong><strong>Gewinnspiel und Teilnahmevoraussetzungen\u00a0<\/strong><\/p>\n<p>\u00a0<span style=\"font-size: 18px;\">Das Gewinnspiel beginnt am 08.06.2022 um 17:00 Uhr und endet am 13.06.2022 um 17:00 Uhr. Zu gewinnen gibt es:<\/span><\/p>\n<p>1 x VITA COLA Eismaschine<\/p>\n<p>Die Teilnahme am Gewinnspiel ist kostenlos und erfolgt ausschlie\u00dflich durch das Kommentieren des Beitrags.\u00a0<\/p>\n<p>Teilnehmen d\u00fcrfen nat\u00fcrliche Personen, ab 18 Jahren mit Wohnsitz in Deutschland. Ausgeschlossen sind Mitarbeiter des Veranstalters und Mitarbeiter von Kooperationspartnern sowie deren Angeh\u00f6rige, die mit der Erstellung oder Abwicklung des Gewinnspiels besch\u00e4ftigt sind oder waren.<span style=\"font-size: 18px;\">\u00a0<\/span><\/p>\n<p>Au\u00dferdem beh\u00e4lt sich der Veranstalter das Recht vor, Personen von der Teilnahme auszuschlie\u00dfen, bei denen der Verdacht besteht, dass sie sich bei der Teilnahme unerlaubter Hilfsmittel bedienen oder in sonstiger Weise versuchen, sich oder Dritten durch Manipulation Vorteile zu verschaffen. Der Ausschluss kann in diesem Fall auch nach der Teilnahme erfolgen.<\/p>\n<p>&nbsp;<\/p>\n<p><strong>III. Gewinnerermittlung<\/strong><\/p>\n<p>&nbsp;<\/p>\n<p><span style=\"font-size: 18px;\">Der Veranstalter ermittelt nach dem 13.06.2022, 17 Uhr unter allen Teilnehmern, die den Teilnahmebedingungen entsprechend teilgenommen haben, per Losverfahren den Gewinnenden.<\/span><\/p>\n<p><span style=\"font-size: 18px;\">\u00a0<\/span><\/p>\n<p>&nbsp;<\/p>\n<p><strong>IV. Gewinnbenachrichtigung und Abwicklung<\/strong><\/p>\n<p><span style=\"font-size: 18px;\">\u00a0<\/span><\/p>\n<p>Nach Abschluss der Gewinnerermittlung werden ab dem 14.06.2022 die Gewinner auf Instagram bzw Facebook vom Veranstalter \u00fcber den Gewinn informiert, verbunden mit der Bitte, sich bei VITA COLA per Facebook- oder Instagram-Nachricht zwecks Gewinnabwicklung zu melden.<span style=\"font-size: 18px;\">\u00a0<\/span><\/p>\n<p>Der Gewinner muss dem Veranstalter dabei die Gewinnannahme durch Angabe des Vor- und Nachnamens, der E-Mail-Adresse und Anschrift best\u00e4tigen.<\/p>\n<p>Erfolgt keine R\u00fcckmeldung innerhalb einer Frist von 48 Stunden nach Kontaktaufnahme durch den Veranstalter wie oben beschrieben, verf\u00e4llt der Gewinn und es wird ein neuer Gewinner per Losverfahren ausgew\u00e4hlt.<\/p>\n<p>Sollten die angegebenen Kontaktdaten fehlerhaft sein, ist der Veranstalter nicht verpflichtet, richtige Kontaktdaten zu ermitteln. Alle Nachteile, die sich aus der Angabe fehlerhafter Kontaktdaten ergeben, gehen zu Lasten des Teilnehmers.<\/p>\n<p>Eine Auszahlung des Gewinns in bar, in Sachwerten, dessen Tausch oder eine \u00dcbertragung auf andere Personen ist nicht m\u00f6glich. Ein Teilnehmer kann auf den Gewinn verzichten.<span style=\"font-size: 18px;\">\u00a0<\/span><\/p>\n<p>Die Gewinne werden innerhalb von vier Wochen, nach \u00dcbermittlung der Kontaktdaten versendet.<\/p>\n<p>&nbsp;<\/p>\n<p>&nbsp;<\/p>\n<p><strong>V. Haftung<\/strong><\/p>\n<p><span style=\"font-size: 18px;\">\u00a0<\/span><\/p>\n<p><span>Der Veranstalter haftet nach den gesetzlichen Vorschriften f\u00fcr eigenen Vorsatz und eigene grobe Fahrl\u00e4ssigkeit bzw. f\u00fcr den Vorsatz und die grobe Fahrl\u00e4ssigkeit seiner gesetzlichen Vertreter, leitenden Angestellten oder sonstigen Erf\u00fcllungsgehilfen. Gleiches gilt bei der \u00dcbernahme von Garantien oder einer sonstigen verschuldensunabh\u00e4ngigen Haftung sowie bei Anspr\u00fcchen nach dem Produkthaftungsgesetz oder bei einer schuldhaften Verletzung des Lebens, des K\u00f6rpers oder der Gesundheit.<\/span><\/p>\n<p>Der Veranstalter haftet dem Grunde nach f\u00fcr eine von ihm selbst bzw. durch seine Vertreter, leitenden Angestellten und einfachen Erf\u00fcllungsgehilfen verursachte einfache fahrl\u00e4ssige Verletzung wesentlicher Vertragspflichten, d. h. solcher Pflichten, auf deren Erf\u00fcllung die Teilnehmer regelm\u00e4\u00dfig vertrauen d\u00fcrfen, weil sie f\u00fcr die ordnungsgem\u00e4\u00dfe Durchf\u00fchrung der Aktion notwendig ist; in diesem Fall ist die Haftung der H\u00f6he nach auf den typischerweise entstehenden, vorhersehbaren Schaden begrenzt.<\/p>\n<p>&nbsp;<\/p>\n<p>Eine dar\u00fcberhinausgehende Haftung des Veranstalters ist ausgeschlossen.<\/p>\n<p>&nbsp;<\/p>\n<p>Der Veranstalter \u00fcbernimmt keine Gew\u00e4hr daf\u00fcr, dass die Aktions-Internet-Seite permanent verf\u00fcgbar bzw. funktionsf\u00e4hig ist, und auch nicht f\u00fcr deren Funktionieren auf den von den Teilnehmern eingesetzten Endger\u00e4ten (Rechner, Smartphone etc.). Eine Haftung des Veranstalters in diesem Zusammenhang ist ausgeschlossen.<span style=\"font-size: 18px;\">\u00a0<\/span><\/p>\n<p>&nbsp;<\/p>\n<p><strong>VI. Datenschutz<\/strong><\/p>\n<p>&nbsp;<\/p>\n<p>Die Verarbeitung personenbezogener Daten, die im Rahmen der Benutzung dieser Website erhoben werden, erfolgt durch die<\/p>\n<p>&nbsp;<\/p>\n<p>Lichtenauer Mineralquellen GmbH<\/p>\n<p><span style=\"font-size: 18px;\">Brunnenstra\u00dfe 11<\/span><\/p>\n<p>\u00a0<span style=\"font-size: 18px;\">09244 Lichtenau<\/span><\/p>\n<p><span style=\"font-size: 18px;\">Tel.: +49 (0) 3683 \/ 680 300<\/span><\/p>\n<p>&nbsp;<\/p>\n<p>Sie k\u00f6nnen sich auch an den Datenschutzbeauftragten von der Lichtenauer Mineralquellen GmbH wenden:<span style=\"font-size: 18px;\">\u00a0<\/span><\/p>\n<p>RPA Datenschutz + Compliance GmbH<\/p>\n<p>Herrn Ilja Borchers<\/p>\n<p><span style=\"font-size: 18px;\">Hauser Gasse 19 b<\/span><\/p>\n<p>\u00a0<span style=\"font-size: 18px;\">35575 Wetzlar<\/span><\/p>\n<p>\u00a0<span style=\"font-size: 18px;\">E-Mail: datenschutz@lichtenauer.de<\/span><\/p>\n<p>&nbsp;<\/p>\n<p>&nbsp;<\/p>\n<p>\u00a0<span style=\"font-size: 18px;\">Personenbezogene Daten sind alle Informationen, die sich auf eine identifizierte oder identifizierbare nat\u00fcrliche Person beziehen (Art. 4 Nr. 1 DSGVO).<\/span><\/p>\n<p><span style=\"font-size: 18px;\">Mit der Teilnahme am Gewinnspiel erkl\u00e4rt sich der Teilnehmer mit der Verarbeitung seiner personenbezogenen Daten in folgendem Umfang einverstanden:<\/span><\/p>\n<p>\u00a0<span style=\"font-size: 18px;\">Der Teilnehmer willigt ein in die Verarbeitung der angegebenen personenbezogenen Daten (Name, Anschrift sowie E-Mail-Adresse) durch die Lichtenauer Mineralquellen GmbH. Dar\u00fcber hinausgehende Informationen sind freiwillig. Die Angabe der vorgenannten Daten sind f\u00fcr die Gewinnabwicklung notwendig.<\/span><\/p>\n<p>\u00a0<span style=\"font-size: 18px;\">Die personenbezogenen Daten werden von der Lichtenauer Mineralquellen GmbH ausschlie\u00dflich f\u00fcr die Durchf\u00fchrung und Abwicklung der Aktion verwendet, absolut vertraulich behandelt werden innerhalb eines Jahres wieder vollst\u00e4ndig gel\u00f6scht, soweit keine gesetzliche Aufbewahrungspflicht besteht. Soweit gesetzliche Aufbewahrungspflichten bestehen, werden Daten nur im Rahmen der gesetzlichen Vorgaben gespeichert und danach gel\u00f6scht. Eine Weitergabe der personenbezogenen Daten an Dritte erfolgt nicht.<\/span><\/p>\n<p>&nbsp;<\/p>\n<p><span style=\"font-size: 18px;\">Die Datenverarbeitung zum Zwecke der Teilnahme am Gewinnspiel erfolgt nach Art. 6 Abs. 1 S. 1 lit. a aufgrund Ihrer freiwillig erteilten Einwilligung.<\/span><\/p>\n<p>\u00a0<span style=\"font-size: 18px;\">Falls Sie uns eine Einwilligung zur Nutzung von personenbezogenen Daten f\u00fcr das Gewinnspiel erteilt haben, k\u00f6nnen Sie diese Einwilligung jederzeit uns gegen\u00fcber mit Wirkung f\u00fcr die Zukunft widerrufen.<\/span><\/p>\n<p>\u00a0<span style=\"font-size: 18px;\">Dies hat zur Folge, dass wir die Datenverarbeitung, die auf dieser Einwilligung beruhte, f\u00fcr die Zukunft nicht mehr fortf\u00fchren d\u00fcrfen. Soweit gesetzliche Aufbewahrungspflichten bestehen, werden Daten nur im Rahmen der gesetzlichen Vorgaben gespeichert und danach gel\u00f6scht.<\/span><\/p>\n<p>\u00a0<span style=\"font-size: 18px;\">M\u00f6chten Sie von Ihrem Widerrufsrecht Gebrauch machen, gen\u00fcgt eine E-Mail an datenschutz@lichtenauer.de.<\/span><\/p>\n<p>\u00a0<span style=\"font-size: 18px;\">Sie haben au\u00dferdem das Recht:<\/span><\/p>\n<p>&nbsp;<\/p>\n<p>&nbsp;<\/p>\n<p>&nbsp;<\/p>\n<ul>\n<li>Auskunft \u00fcber Ihre von uns verarbeiteten personenbezogenen Daten zu verlangen (Art. 15 DSGVO). Insbesondere k\u00f6nnen Sie Auskunft \u00fcber die Verarbeitungszwecke, die Kategorie der personenbezogenen Daten, die Kategorien von Empf\u00e4ngern, gegen\u00fcber denen Ihre Daten offengelegt wurden oder werden, die geplante Speicherdauer, das Bestehen eines Rechts auf Berichtigung, L\u00f6schung, Einschr\u00e4nkung der Verarbeitung oder Widerspruch, das Bestehen eines Beschwerderechts, die Herkunft Ihrer Daten, sofern diese nicht bei uns erhoben wurden, sowie \u00fcber das Bestehen einer automatisierten Entscheidungsfindung einschlie\u00dflich Profiling und ggf. aussagekr\u00e4ftige Informationen zu deren Einzelheiten verlangen.<\/li>\n<li>die Berichtigung bzw. Vervollst\u00e4ndigung Ihrer bei uns gespeicherten personenbezogenen Daten zu verlangen, wenn sie unrichtig bzw. unvollst\u00e4ndig sind (Art. 16 DSGVO).<\/li>\n<li>die L\u00f6schung Ihrer bei uns gespeicherten personenbezogenen Daten zu verlangen (Art. 17 DSGVO).<\/li>\n<li>die Einschr\u00e4nkung der Verarbeitung Ihrer personenbezogenen Daten zu verlangen, sofern die Daten nicht gel\u00f6scht werden sollen (Art. 18 DSGVO).<\/li>\n<li>Ihre personenbezogenen Daten, die Sie uns bereitgestellt haben, in einem strukturierten, g\u00e4ngigen und maschinenlesbaren Format zu erhalten oder die \u00dcbermittlung an einen anderen Verantwortlichen zu verlangen (Art. 20 DSGVO).<\/li>\n<li>Falls Sie im Hinblick auf den Datenschutz Grund f\u00fcr eine Beschwerde sehen, k\u00f6nnen Sie sich gern an uns wenden (datenschutz@lichtenauer.de). Sie haben aber auch das Recht, sich bei einer Aufsichtsbeh\u00f6rde zu beschweren (Art. 77 DSGVO). In der Regel k\u00f6nnen Sie sich hierf\u00fcr an die Aufsichtsbeh\u00f6rde Ihres \u00fcblichen Aufenthaltsortes oder Arbeitsplatzes oder unseres Firmensitzes wenden.<\/li>\n<\/ul>\n<p>&nbsp;<\/p>\n<p>M\u00f6chten Sie von Ihren oben genannten Rechten Gebrauch machen, gen\u00fcgt eine E Mail an datenschutz@lichtenauer.de. \u00a0 \u00a0<\/p>\n<p>Die dem Veranstalter per Instagram-Direkt-Nachricht oder Facebook Nachricht \u00fcbermittelten Daten werden nach einer Frist von 14 Tagen aus dem Instagram- bzw. Facebook-Nachrichtenverlauf des Veranstalters gel\u00f6scht. Gleiches gilt f\u00fcr die zu Zwecken der Versendung der Gewinne erhobenen und beim Veranstalter gespeicherten Daten.<span style=\"font-size: 18px;\">\u00a0<\/span><\/p>\n<p>&nbsp;<\/p>\n<p><strong>VII. Hinweise und Bedingungen von Instagram<\/strong><\/p>\n<p>&nbsp;<\/p>\n<p>Neben diesen Teilnahmebedingungen wird das Verh\u00e4ltnis zwischen dem Veranstalter, dem Teilnehmer und Instagram durch die Nutzungsbedingungen von Instagram <a href=\"https:\/\/www.facebook.com\/help\/instagram\/478745558852511und\">https:\/\/www.facebook.com\/help\/instagram\/478745558852511und<\/a> die Datenschutzregeln von Instagram <a href=\"https:\/\/l.facebook.com\/l.php?u=https%3A%2F%2Fhelp.instagram.com%2F519522125107875%3Fhelpref%3Dpage_content%26fbclid%3DIwAR1KWw9PmR5gbQ-n73mgrdHJINxwtIRRUmjxUow7aCtqhIvfyzmoeKp_NJ8&amp;h=AT0HSBXqCRI8ccqVEAIOWV-chHGKIVP8NBmSp-KO6JNs3NGx62oPZ9jri5uwzG7i-fUN2Q4ncNKxWvZ_KE3cIepcqF-pI1pZLxY91yg3oJHqfNHMfobVPsD165PGp9fWBgzye0POSVisf0J7P7ZoPjzLW_o\">https:\/\/help.instagram.com\/519522125107875?helpref=page_content<\/a><\/p>\n<p>&nbsp;<\/p>\n<p>Die Teilnehmer k\u00f6nnen gegen\u00fcber Instagram keine Anspr\u00fcche geltend machen, die im Zusammenhang mit der Nutzung der Teilnahme am Gewinnspiel entstehen.<span style=\"font-size: 18px;\">\u00a0<\/span><\/p>\n<p>Die Teilnehmer erkennen an, dass das Gewinnspiel in keiner Weise von Instagram gesponsert, unterst\u00fctzt oder organisiert wird bzw. in keiner Verbindung zu Instagram steht.<span style=\"font-size: 18px;\">\u00a0<\/span><\/p>\n<p>Alle Informationen und Daten, die bei der Teilnahme am Gewinnspiel durch die Teilnehmer mitgeteilt oder von diesen erhoben werden, werden nur dem Veranstalter und nicht Instagram bereitgestellt.<\/p>\n<p>S\u00e4mtliche Anfragen und Hinweise bez\u00fcglich des Gewinnspiels sind an den Veranstalter und nicht an Instagram zu richten.<\/p>\n<p>&nbsp;<\/p>\n<p>&nbsp;<\/p>\n<p>&nbsp;<\/p>\n<p>&nbsp;<\/p>\n<p>&nbsp;<\/p>\n<p>&nbsp;<\/p>\n<p>&nbsp;<\/p>\n<p><strong>VIII. Hinweise und Bedingungen von Facebook<\/strong><\/p>\n<p>Neben diesen Teilnahmebedingungen wird das Verh\u00e4ltnis zwischen dem Veranstalter, dem Teilnehmer und Facebook durch die Nutzungsbedingungen von Facebook <a href=\"https:\/\/www.facebook.com\/legal\/terms\">https:\/\/www.facebook.com\/legal\/terms<\/a> die Datenschutzregeln von Facebook <a href=\"https:\/\/www.facebook.com\/policy.php\">https:\/\/www.facebook.com\/policy.php<\/a><\/p>\n<p>Die Teilnehmer k\u00f6nnen gegen\u00fcber Facebook keine Anspr\u00fcche geltend machen, die im Zusammenhang mit der Nutzung der Teilnahme am Gewinnspiel entstehen.<span style=\"font-size: 18px;\">\u00a0<\/span><\/p>\n<p>Die Teilnehmer erkennen an, dass das Gewinnspiel in keiner Weise von Facebook gesponsert, unterst\u00fctzt oder organisiert wird bzw. in keiner Verbindung zu Facebook steht.<\/p>\n<p>Alle Informationen und Daten, die bei der Teilnahme am Gewinnspiel durch die Teilnehmer mitgeteilt oder von diesen erhoben werden, werden nur dem Veranstalter und nicht Facebook bereitgestellt.<\/p>\n<p>S\u00e4mtliche Anfragen und Hinweise bez\u00fcglich des Gewinnspiels sind an den Veranstalter und nicht an Facebook zu richten.<\/p>\n<p>&nbsp;<\/p>\n<p>&nbsp;<\/p>\n<p>&nbsp;<\/p>\n<p>&nbsp;<\/p>\n<p>&nbsp;<\/p>\n<p>&nbsp;<\/p>\n<p>&nbsp;<\/p>\n<p><strong>\u00a0IX.\u00a0<\/strong><strong>Beendigung des Gewinnspiels<\/strong><\/p>\n<p>Das Gewinnspiel kann jederzeit ohne Vorank\u00fcndigung und ohne Angabe von Gr\u00fcnden ge\u00e4ndert, verl\u00e4ngert, f\u00fcr einen vor\u00fcbergehenden Zeitraum ausgesetzt oder vorzeitig beendet werden. Hieraus entstehen keine Anspr\u00fcche gegen den Veranstalter.<\/p>\n<p>&nbsp;<\/p>\n<p>&nbsp;<\/p>\n<p>&nbsp;<\/p>\n<p><strong>\u00a0<\/strong><\/p>\n<p>&nbsp;<\/p>\n<p>&nbsp;<\/p>\n<p>&nbsp;<\/p>\n<p><strong>X.\u00a0<\/strong><strong>Sonstiges<\/strong><\/p>\n<p>Sollten einzelne Bestimmungen dieser Teilnahmebedingungen ganz oder teilweise unwirksam sein oder werden, so bleibt die Wirksamkeit der \u00fcbrigen Teilnahmebedingungen hiervon unber\u00fchrt.<\/p>\n<p>&nbsp;<\/p>\n<p>Ausschlie\u00dflich anwendbares Recht ist das Recht der Bundesrepublik Deutschland.<\/p>\n<p>&nbsp;<\/p>\n<p>S\u00e4mtliche Fragen oder Anmerkungen zum Gewinnspiel sind per E-Mail an <a href=\"mailto:info@vita-cola.de\">info@vita-cola.de<\/a> oder per Direktnachricht an VITA COLA zu richten.<\/p>\n<p>&nbsp;<\/p>\n<p>&nbsp;<\/p>\n<p>&nbsp;<\/p>\n<p>&nbsp;<\/p>\n<p>&nbsp;<\/p>\n<p>&nbsp;<\/p>\n<p>&nbsp;<\/p>\n<p>[\/et_pb_text][\/et_pb_column][\/et_pb_row][et_pb_row _builder_version=&#8220;4.6.5&#8243; _module_preset=&#8220;default&#8220; custom_margin=&#8220;45px|auto||auto||&#8220;][et_pb_column type=&#8220;4_4&#8243; _builder_version=&#8220;4.6.5&#8243; _module_preset=&#8220;default&#8220;][et_pb_text disabled_on=&#8220;on|on|off&#8220; _builder_version=&#8220;4.6.5&#8243; _module_preset=&#8220;default&#8220; text_font=&#8220;|||on|||||&#8220; text_text_color=&#8220;#FFFFFF&#8220; text_font_size=&#8220;16px&#8220; text_orientation=&#8220;right&#8220;]<a href=\"https:\/\/vita-cola.de\" target=\"_blank\" rel=\"noopener noreferrer\">Impressum<\/a> | <a href=\"https:\/\/vita-cola.de\" target=\"_blank\" rel=\"noopener noreferrer\">Verantwortung<\/a> | <a href=\"https:\/\/vita-cola.de\" target=\"_blank\" rel=\"noopener noreferrer\">Datenschutz<\/a> | <a href=\"https:\/\/www.vita-cola.de\/kontakt\/\" target=\"_blank\" rel=\"noopener noreferrer\">Kontakt<\/a> | <a href=\"https:\/\/www.hassia.com\/haendler\" target=\"_blank\" rel=\"noopener noreferrer\">H\u00e4ndlerbereich<\/a> | <a href=\"https:\/\/www.vita-cola.de\/marke\/presse\/\" target=\"_blank\" rel=\"noopener noreferrer\">Presse<\/a>[\/et_pb_text][et_pb_text disabled_on=&#8220;off|off|on&#8220; _builder_version=&#8220;4.6.5&#8243; _module_preset=&#8220;default&#8220; text_font=&#8220;|||on|||||&#8220; text_text_color=&#8220;#FFFFFF&#8220; text_font_size=&#8220;16px&#8220; text_orientation=&#8220;right&#8220;]<\/p>\n<p><a href=\"https:\/\/vita-cola.de\" target=\"_blank\" rel=\"noopener noreferrer\">Impressum<\/a> | <a href=\"https:\/\/vita-cola.de\" target=\"_blank\" rel=\"noopener noreferrer\">Verantwortung<\/a> |<br \/><a href=\"https:\/\/vita-cola.de\" target=\"_blank\" rel=\"noopener noreferrer\">Datenschutz<\/a> | <a href=\"https:\/\/www.vita-cola.de\/kontakt\/\" target=\"_blank\" rel=\"noopener noreferrer\">Kontakt<\/a> |<br \/><a href=\"https:\/\/www.hassia.com\/haendler\" target=\"_blank\" rel=\"noopener noreferrer\">H\u00e4ndlerbereich<\/a> | <a href=\"https:\/\/www.vita-cola.de\/marke\/presse\/\" target=\"_blank\" rel=\"noopener noreferrer\">Presse<\/a><\/p>\n<p>[\/et_pb_text][\/et_pb_column][\/et_pb_row][\/et_pb_section]<\/p>\n","protected":false},"excerpt":{"rendered":"<p>[et_pb_section fb_built=&#8220;1&#8243; _builder_version=&#8220;4.6.5&#8243; _module_preset=&#8220;default&#8220; background_image=&#8220;https:\/\/tnb.vita-cola.de\/wp-content\/uploads\/2020\/11\/background-scaled.jpg&#8220; custom_padding=&#8220;11px|||||&#8220; background_last_edited=&#8220;on|phone&#8220; background_image_phone=&#8220;https:\/\/tnb.vita-cola.de\/wp-content\/uploads\/2020\/11\/background-scaled-3-scaled.jpg&#8220; background_enable_image_phone=&#8220;on&#8220; background_size_phone=&#8220;cover&#8220; title_text_phone=&#8220;background-scaled&#8220;][et_pb_row _builder_version=&#8220;4.6.5&#8243; _module_preset=&#8220;default&#8220; custom_padding=&#8220;2px|||||&#8220;][et_pb_column type=&#8220;4_4&#8243; _builder_version=&#8220;4.6.5&#8243; _module_preset=&#8220;default&#8220;][et_pb_image src=&#8220;https:\/\/tnb.vita-cola.de\/wp-content\/uploads\/2022\/01\/01_VC-Logo_Pantone-186C.png&#8220; title_text=&#8220;01_VC-Logo_Pantone 186C&#8220; _builder_version=&#8220;4.6.5&#8243; _module_preset=&#8220;default&#8220; width=&#8220;14%&#8220; width_tablet=&#8220;21%&#8220; width_phone=&#8220;42%&#8220; width_last_edited=&#8220;on|phone&#8220; module_alignment=&#8220;center&#8220;][\/et_pb_image][\/et_pb_column][\/et_pb_row][et_pb_row _builder_version=&#8220;4.6.5&#8243; _module_preset=&#8220;default&#8220;][et_pb_column type=&#8220;4_4&#8243; _builder_version=&#8220;4.6.5&#8243; _module_preset=&#8220;default&#8220;][et_pb_text _builder_version=&#8220;4.6.5&#8243; _module_preset=&#8220;default&#8220; text_font=&#8220;Lato||||||||&#8220; text_text_color=&#8220;#FFFFFF&#8220; text_font_size=&#8220;18px&#8220; header_font=&#8220;Lato||||||||&#8220; header_2_font=&#8220;Lato||||||||&#8220; header_3_font=&#8220;Lato||||||||&#8220;] \u00a0Teilnahmebedingungen\u00a0 &nbsp; Mit der Teilnahme an der Verlosung hat der Teilnehmer die folgenden Teilnahmebedingungen zu [&hellip;]<\/p>\n","protected":false},"author":1,"featured_media":0,"parent":0,"menu_order":0,"comment_status":"closed","ping_status":"closed","template":"","meta":{"_et_pb_use_builder":"on","_et_pb_old_content":"<!-- wp:divi\/placeholder \/-->","_et_gb_content_width":""},"_links":{"self":[{"href":"https:\/\/tnb.vita-cola.de\/index.php?rest_route=\/wp\/v2\/pages\/4"}],"collection":[{"href":"https:\/\/tnb.vita-cola.de\/index.php?rest_route=\/wp\/v2\/pages"}],"about":[{"href":"https:\/\/tnb.vita-cola.de\/index.php?rest_route=\/wp\/v2\/types\/page"}],"author":[{"embeddable":true,"href":"https:\/\/tnb.vita-cola.de\/index.php?rest_route=\/wp\/v2\/users\/1"}],"replies":[{"embeddable":true,"href":"https:\/\/tnb.vita-cola.de\/index.php?rest_route=%2Fwp%2Fv2%2Fcomments&post=4"}],"version-history":[{"count":48,"href":"https:\/\/tnb.vita-cola.de\/index.php?rest_route=\/wp\/v2\/pages\/4\/revisions"}],"predecessor-version":[{"id":136,"href":"https:\/\/tnb.vita-cola.de\/index.php?rest_route=\/wp\/v2\/pages\/4\/revisions\/136"}],"wp:attachment":[{"href":"https:\/\/tnb.vita-cola.de\/index.php?rest_route=%2Fwp%2Fv2%2Fmedia&parent=4"}],"curies":[{"name":"wp","href":"https:\/\/api.w.org\/{rel}","templated":true}]}}